- -101) + -42.
-109
Evaluate 46 + -9 + 0 + (-8 - 3).
26
Evaluate ((-9 - -3 - -21 - 12) + -12 - 6) + 10.
-5
Calculate 260 - (-179 - -471) - (-2 - 6 - -2).
-26
Calculate 14 + -43 + (-40 - -34).
-35
What is 18 + (0 + 3 - (-16 + 14 - 3))?
26
What is -82 - -121 - 92 - -93?
40
What is 12 + (-16 - (19 + -35) - -10) + -5 + -4?
13
Evaluate -4 + (50 - (19 - (-12 - -16))).
31
What is the value of 22 - ((19 - -112) + -22 + -17)?
-70
Calculate (313 - 255) + (-57 - -3) + 97 + -1.
100
What is the value of -19 + 54 + (-241 - -245)?
39
What is -21 + (14 - (2 + 7)) - -15?
-1
Evaluate 20 + (-13 - (-1 - 40)) + 7 + 0 + 0.
55
Calculate (-63 - -51) + -43 + (7 - -9 - 6).
-45
Evaluate -6 + (-5 + 2 - (71 - 76 - (-54 + -1))).
-59
Evaluate -65 - (2 + -1) - (969 - 972) - (1 + -10).
-54
-31 + 14 + 16 - (9 + -62 + 1)
51
Calculate 16 + -14 + 7 + (3 - (9 - -5) - 21).
-23
What is (-1 + 0 + -24 - -2) + (6722 - 6733)?
-34
Calculate 4 + (-6 + 20 - 5 - 65).
-52
Calculate 428 - 527 - (-16 + 12 + -1).
-94
What is (-7 - ((6 - (31 - 9)) + 11 + -1)) + 44?
43
What is 30 + -169 + 45 + -3?
-97
-106 + -211 + 325 - ((-13 - -1) + 0)
20
Calculate -74 - ((42 + -32 - -1) + -3).
-82
Evaluate ((-10 - 19) + 6 + 10 - (-12 - 6)) + -83.
-78
What is the value of 20 + 19 - 47 - (-1 + -14)?
7
Calculate 1 - (-16 + 9 - -20 - 41).
29
Evaluate 24 - (-41 + -17 + 47).
35
Calculate -1 + 1 + -25 - (360 + -341 - (2 - -11)).
-31
Evaluate 0 + 20 - ((-133 + 68 - -56) + 152).
-123
What is the value of 0 + -43 - (1243 + -1243 + -3 + (-4 - -2))?
-38
What is 285 + -420 + (70 - 2)?
-67
(2 - -9 - ((37 - 5) + (24 - 42))) + -145
-148
Calculate -1 + 86 + (563 - 606) + 2 + 28.
72
What is (-137 + 64 - -71) + (2 - 1) + -51?
-52
(-20 - -33) + (18 - 33 - 19)
-21
45 + -57 + 107 + 3 + -17
81
Calculate 10 + (-3 - ((3 - -4) + -5)) - (142 + -78).
-59
2 + -10 + 5 + (-339 - -235) + -18 + 3
-122
Calculate 6 - (14 + -16) - (-23 - (-3 + 10)).
38
Evaluate 5 - 2 - ((4 - 16) + -119 + 102).
32
-17 + 5 + (29 - -2 - -15)
34
What is the value of (-6257 + 6252 - (-2 - (0 - -1) - -1)) + -100?
-103
Evaluate (-70 - (-38 - -2)) + 31 + 19.
16
-1864 + 1896 - (83 - -1)
-52
What is the value of (-55 - 2) + (-400 - -445)?
-12
What is (2 - 2) + -50 - (-680 + 691)?
-61
132 + -35 + -7 + -30
60
What is the value of -2 + 5 - (16 - 8 - -10 - 10) - -4?
-1
What is (12 - (-14 + 25)) + (-9 - -5) + 9?
6
Calculate 92 + -43 + -44 + 13.
18
38 - (-18 + (21 - (39 + 24)))
98
What is the value of 1 + -30 - (63 - (68 + -5)) - 17?
-46
Evaluate 46 + (-141 - 37) + 79.
-53
1 - (-4 - -3) - -72 - (-30 + -3 + 41)
66
What is the value of (-902 - -907) + (19 - 1)?
23
What is the value of -20 - (19 + (22 - 14))?
-47
Calculate 73 - (-9 - (98 + -106 + -6 + 0)).
68
Evaluate 61 - (-10 - -5) - (-15 - (13 + -27)).
67
32 + (10 - -11) - 45 - (-60 + 1)
67
What is (32 - (-4 + -4 + -17 + 17)) + 13?
53
What is -169 + 149 - (-147 + (5 + -5 - -5))?
122
Evaluate (-11 + 7 + -2 - 37) + (-28 - -2).
-69
What is 79 + (-43 - 78) + (-41 - 5)?
-88
101 + 5 + (-207 - -170)
69
What is the value of (423 - 417) + ((1 - (-1 - -2)) + -4 - -3)?
5
What is (12 - (4 + (0 - 70) + -34 + 31)) + 3?
84
66 + (-20 - -8) + 12 + -4
62
Evaluate -2 + 22 + 384 + -399 - (4 + -1 + 0).
2
What is the value of 5 + 27 - (-333 + 373)?
-8
54 - (-16 - (5 + 4 + 12))
91
Evaluate 306 + -299 - ((-26 - (-7 + 7 + -4)) + -5).
34
What is the value of 20 - (21 + -44 - -96 - (-12 + 0))?
-65
11 + (100 - 109) - (2 - (14 - 1))
13
What is 63 - 46 - 48 - -3?
-28
Evaluate -15 + 11 + -16 - (-6 + 30).
-44
Evaluate 19 - (44 + -12) - (0 - (27 - 1)).
13
Calculate -707 - -692 - (-38 + 2).
21
39 - (2665 + -2730 - (-11 - -1))
94
16 + (-11 - (-5 + -25 + 33)) + -83 + -1
-82
Evaluate 11 + (-50 - (-35 - 12)) - -93.
101
What is the value of -14 + -6 + (-4 + -1 - -1) + 80 + -146?
-90
Calculate -5 + (2 - (7 + -4)) - -62 - 9.
47
What is the value of 44 - (12 - -24 - 23)?
31
Evaluate (30 - -2) + -43 + 168 + -160.
-3
-12 - (17 - 34 - -13) - (6 + 2)
-16
What is the value of 13 + 38 + 4 + (8 + -2 - -1) + -19?
43
What is -15 + 29 + -13 + (13 - -10)?
24
249 + -295 + 169 - (3 + 16)
104
Evaluate -1 - -9 - ((33 - 81) + 13).
43
Evaluate 24 - ((26 + -44 - -4) + -12).
50
What is 9 - ((-14 - 61) + 42)?
42
What is the value of -35 + 43 + (-37 - -29)?
0
Calculate 9 + 29 + -94 + 24.
-32
(1 - (-8 + 4)) + 407 + -385
27
Evaluate (16 + -29 - (29 + -2)) + 8.
-32
What is 1 + (-2 - (-12 + 1 - -6 - (2 + -37)))?
-31
What is -91 + 166 + -44 + 4 + -33?
2
28 + (-7 - (-19 + (3 - -8) + 0 + -6))
35
79 + 5 + -49 + -54
-19
Calculate 4 + 223 + -4418 + 4285.
94
Evaluate (36 - (-5 - -3)) + (-61 - -129) + -73.
33
What is 5 + (20 - 6) - (33 - -1 - -74)?
-89
Evaluate 87 + -30 + 20 + -71.
6
What is the value of -15 + 1 + 14 - (-4 + 2 - 14)?
16
What is -33 - -1 - ((-2 - -36) + -156 + (68 - -49))?
-27
Evaluate (-2 - 40) + -2 + -32 + 29 + (215 - 209).
-41
0 + 3 + (37 - 56) + 57
41
Calculate (16 - (-27 - -49)) + (-1 - -4) + -39 + 0.
-42
What is -74 + 89 + -81 + (3 - (-5 - -1)) + -6?
-65
Calculate 5 + (-11 - (1 - 4)) + -57 + 123 + -117.
-54
Calculate -58 + -5 + -1 + 31 + -41.
-74
What is the value of (-31 - 0) + -80 + -10 + 79?
-42
What is (-4 - (0 - 12) - 12 - -4) + -56 + -4?
-60
Calculate -12 - (53 + -64 + (7 - -6)).
-14
130 - (78 - -57) - 17
-22
-2 + 14 + (-7 + 20 - 33) + 53
45
What is 3 + -7 + (-19 - 23) - (0 + 3 + -3)?
-46
37 + 43 + -116 + -29 + 67
2
What is the value of -8 + 9 + (-6 + (2 - -2) - 13)?
-14
(37 - 20) + (2 - 12 - -28)
35
Evaluate -37 - -56 - (-32 - -58).
-7
Calculate (-8 - -16) + -34 + -13 + -1.
-40
Calculate 72 + -28 - -37 - 36 - 112.
-67
Evaluate (-79 - (33 + -28)) + 12.
-72
(15 - (42 - -26)) + 18
-35
-1 + 1 + 0 + (64 + -60 - 40)
-36
-4 - (-528 + 547 + (3 - (2 + 18)))
-6
Evaluate 25 + -7 + -145 - -64.
-63
What is 10 + -3 + (3 + -9 - (-12 + 10)) + -21?
-18
Evaluate -7 + 16 + (-8 - 6 - 4) - (77 - 10).
-76
What is the value of -11 - (-3 - (6 - 8 - 6)) - 6?
-22
Calculate (5 - 6 - 24) + -706 + 680.
-51
What is the value of ((7 - 1) + 7 - 7) + 2 + 22?
30
0 - (-34 - (-77 + 33))
-10
Calculate -5 - ((-17 - -55) + -46 + 9).
-6
What is (6 + -13 - 2 - -7) + -175 + 174?
-3
0 - (26 - (-6 + 1 + 3 + -3))
-31
What is 50 + -6 - (213 + -192)?
23
(9 + -7 - 4) + (11 - -9 - -56)
74
What is the value of -32 + (138 - 61 - 117)?
-72
Calculate -2 + -7 + -65 + -3 + -15 + 9 + -7.
-90
What is 4 - 22 - 1 - (125 + -190)?
46
Calculate 42 + 3 + (-1359 - -1353).
39
What is (1 - 7) + (3 + -1 + -6 - -17) + 58?
65
Evaluate 35 + -42 + (81 - (8 - -6)).
60
(4 - (-12 - -9 - -19)) + -8
-20
What is the value of (60 + 2 - 13) + -53 + 60?
56
Evaluate -27 - -2 - (14 + (4 - (36 + -17))).
-24
Evaluate 168 + (38 + -326 - -66).
-54
Calculate 17 + 54 + -37 - -13.
47
Evaluate 14 + -10 + -29 + (28 - (35 + 2)).
-34
Calculate (187 - 189) + (8 - (17 + (13 - 9))).
-15
What is the value of (24 - 30 - (-5 + 3 + -13)) + -28?
-19
Calculate 64 - (-169 + (-9 - -131)).
111
Calculate 6 + -120 - (-675 - -576).
-15
What is the value of 12 + -3 + 1 + 48 + -102 + 92?
48
(-183 - -1) + 87 + 37
-58
Evaluate -1446 - -1417 - (0 - -3).
-32
115 + (-121 - 23) - 42
-71
Evaluate -26 + (-4 - 4 - 4).
-38
What is 21 + (-3 - 7) + 58 - 13?
56
What is -67 + 79 + -124 - -57?
-55
-10 + (18 - (21 + -21) - 24)
-16
What is the value of 18 - 9 - 32 - -37 - (1 - -81)?
-68
Evaluate 1 - (-24 + 13) - (-1 - -10 - 0).
3
Evaluate 53 + -1 + -7 + 4 + 3.
52
Evaluate -24 + 100 + -5 - 54.
17
What is the value of (54 + -64 - -52) + -50?
-8
Calculate 5 - (15 + 1 + -47) - (-1 + (-4 - -3)).
38
Evaluate (101 - 61) + (1 - 58).
-17
-12 - (5 + -4 + 5 + (-3 - -12))
-27
Calculate -30 - -26 - (-5 - (4 + 10 + -20)).
-5
What is (-60 - -58) + 21 - 70?
-51
(-22 - 0) + (30 - (28 + -8)) + (26 - -67)
81
-23 - (140 + -105 + -49)
-9
What is 16 + (-12 - (-3 - 2) - 14)?
-5
8 - (-3 - -3) - (78 - (-4 - 14) - -7)
-95
Calculate -20 - (6 - 8 - 13 - (-91 + 79)).
-17
Evaluate 63 + -154 + -100 + 154.
-37
What is the value of (-453 - -582) + (-64 - -2)?
67
Calculate 5 + 14 + (-8 - (-9 + 6 + -10)) - -6.
30
(-23 - 6 - -61) + -89 - (1 + 2 - 14)
-46
Calculate -5 + 4 + (-22 - 11) + 59.
25
Evaluate -1204 + 1154 + -1 + 3 - -2.
-46
Calculate (-2531 - -2522) + 50 + 0.
41
What is (42 - 106) + (-10 - 28) - (0 + (3 - 9))?
-96
What is -28 + (-5 - (-24 + -5)) - 82?
-86
Evaluate 8 - 6 - (2 + 7 - (24 + -30)).
-13
10 + -27 + 24 + 14 - 